
Let q = -218 + 143. Let g = 79 + q. Let l(h) = -h**3 + 4*h**2 - h + 3. Determine l(g).
-1
Let t(h) = 10 + 3*h**2 - 2*h - 4*h - 4*h**2. Let f be t(-7). Let v(k) = -f*k + k + 4*k - 3. What is v(3)?
3
Suppose 48*v = -n + 47*v - 7, -3*n = 2*v + 16. Let d(c) = -6*c + 1. What is d(n)?
13
Let h(s) be the first derivative of 5*s**2/2 - 11*s + 629. Calculate h(8).
29
Let n(h) = h + 5. Let y(f) = -1. Let g(b) = -n(b) - 4*y(b). Determine g(3).
-4
Let s be 4/6*(-18)/(-4). Let i(h) be the third derivative of h**6/720 - 13*h**4/24 + 5*h**2. Let n(k) be the second derivative of i(k). What is n(s)?
3
Let r = 11 - 7. Let c(i) be the first derivative of -3*i**2 + 1/3*i**3 - 8 + 2*i. Give c(r).
-6
Let w be 9 - 25 - -1 - -12. Let r(m) = m**2 + 9*m + 5. Determine r(w).
-13
Let z be 1/((-2)/(-3))*4. Let n = 91 + -81. Let p(k) = k + z + n - 13. Calculate p(-3).
0
Let q(v) be the second derivative of v**4/12 - 4*v**3/3 + 9*v**2/2 + 1354*v. Suppose 4*k - 33 = 3*y + 2*y, -6 = -k - y. Determine q(k).
2
Let k(d) = -d**3 - d**2 + 3. Let l = 3 - 5. Let r(x) = x**2 + 10*x - 22. Let i be r(-12). Let j = l + i. Give k(j).
3
Let f(m) be the third derivative of m**5/60 - m**4/24 + m**3 + 98*m**2. Determine f(0).
6
Let d(t) = 8*t - 1. Suppose -8*l + 41 = -23. Suppose 0 = z - c - c + l, -5 = -5*z - 5*c. Calculate d(z).
-17
Let l(c) be the third derivative of -c**6/60 - c**5/15 - c**4/24 + c**3/6 - 11*c**2. Let s be l(-2). Let o(z) = z**2 + 2*z - 3. What is o(s)?
12
Let i(z) = -z**3 + 16*z**2 + 16*z + 16. Suppose 3*y - 32 = -k, 0 = 2*k - 15*y + 12*y - 19. Determine i(k).
-1
Let u(z) = z**3 - 3*z**2 - 2*z. Let b be u(4). Let h(i) = 1. Suppose -3*y - 1 = -4. Let a(x) = x**2 - 8*x - 4. Let v(l) = y*a(l) - 2*h(l). What is v(b)?
-6
Let c(f) = 2*f**3 - 7*f**2 - 4*f + 4. Let m be c(4). Let z(o) = o + 2*o - 5 - m*o. Give z(-5).
0
Let h(q) = -q + 9. Let g(k) = k - 9. Let a(w) = -4*g(w) - 5*h(w). Let j(n) be the second derivative of n**2/2 + 22*n. Let x(z) = -a(z) - 6*j(z). What is x(-3)?
6
Let k(d) = 13*d + 18. Let z(q) = 3*q + 3. Let a(t) = k(t) - 5*z(t). Give a(5).
-7
Let g(o) = -9*o**2 + o - 6. Let w(f) = f**2 + 1. Let d(x) = -g(x) - 5*w(x). Let t(s) = -9*s**2 + s - 1. Let j(i) = -7*d(i) - 3*t(i). What is j(5)?
-9
Let u(w) = 5*w - 2. Suppose 8 = 4*o, -4*v + 9*v - 5*o + 45 = 0. Let y(r) = r**3 + 7*r**2 + 2. Let a be y(v). Determine u(a).
8
Let c = 6 - 5. Let s = 5 - c. Let u(y) = -3 - y + 2*y - 4 + s. Calculate u(-3).
-6
Suppose -3*y + 8 = 2*i, -2*i + 16 = 2*i - 3*y. Suppose 0 = -2*n + 24 + i. Let t = n + -17. Let s(l) = -l**3 - 4*l**2 - 2*l - 4. Calculate s(t).
-7
Let u(w) = w**2 - 9*w + 1. Let a = 461 + -454. Calculate u(a).
-13
Let i(k) = -k + 1. Let u be i(3). Let r = -72 - -104. Let z(y) = -15 + 7*y + r - 16. Give z(u).
-13
Let v(s) = -s**3 + 28*s**2 - 24*s - 98. Let f be v(27). Let g(z) = -z**2 - 18*z - 19. Calculate g(f).
-2
Let s(i) = -i - 1. Let x(y) = 5*y - 2. Let l(n) = -3*s(n) - x(n). Let o be (5*(-1)/2)/(3/(-6)). Determine l(o).
-5
Let c(l) be the second derivative of l**5/20 - l**3/3 + l**2/2 + 79*l. What is c(2)?
5
Let f be ((-16)/3)/((-2)/3). Suppose 4*n - 44 = 6*l - 2*l, l + 27 = 5*n. Let j = l + f. Let g(v) = -5*v + 1. Determine g(j).
-4
Let r(h) = -16*h**2 - 6*h. Let m(l) = -3*l**2 - l. Let b(g) = 11*m(g) - 2*r(g). Let q be 4/6*-2*3. Let n = -5 - q. Determine b(n).
-2
Let u(f) be the first derivative of f**4/4 - 2*f**3/3 - f**2 + 2*f - 1843. Let w = 3 + 0. Give u(w).
5
Let u(o) be the third derivative of -o**6/120 + o**5/60 - o**4/8 + o**3/2 + 2*o**2. Suppose -96*k + 12 = -90*k. Calculate u(k).
-7
Suppose 5*h = -34 + 4. Let r be (-7 - -4) + 4 - h/1. Let u(j) = 10*j**2 - 28*j - 15. Let b(x) = 7*x**2 - 19*x - 10. Let d(s) = 7*b(s) - 5*u(s). Give d(r).
5
Let x(u) = -5*u + 6. Let b = 75 + -71. Give x(b).
-14
Let u(r) = -r + 20. Suppose -2*c + 3*c + 5*s - 24 = 0, -4*c = -s - 75. Let g be ((-3)/12)/(15/(-1140)). Let z = c - g. Determine u(z).
20
Let f(s) = s**2 - 18*s + 21. Suppose 25 = -5*h, -8*h = -2*z - 3*h + 57. Determine f(z).
-11
Let y(s) = s - 2. Let z(q) = 3*q - 6. Let j(h) = 7*y(h) - 2*z(h). Let d = 3 + -8. Calculate j(d).
-7
Let h(k) = k**3 - 5*k**2 - 3*k + 7. Suppose -19 = -2*w - 2*l - 7, 8 = 2*w - 2*l. What is h(w)?
-8
Let m(t) be the second derivative of t**3/6 + 5*t**2 + 32*t + 8. Calculate m(-5).
5
Let z(o) be the first derivative of -o**2/2 - 3*o - 1207. Let d be (-60)/9 - 4/(-6). What is z(d)?
3
Let z(a) be the first derivative of a**4/4 + 2*a**3 + 2*a**2 - 6*a - 259. What is z(-6)?
-30
Suppose -40 = 9*n - 14*n. Suppose -4*r = -3*j - j - n, -3*r - 5*j = -6. Let m(i) be the first derivative of -i**3/3 + i**2 - i + 2. Determine m(r).
-1
Suppose s - 2*i = 3, -2*i + 21 = -5*s + 4. Let z(u) = -2*u**3 - 10*u**2 + 8. Calculate z(s).
8
Let b(z) = -z**2 + 2*z + 4. Let m(u) = u + 1. Let k(w) = -b(w) + 3*m(w). Let o be ((-4)/(-6))/((-7)/(-126)). Let n = 13 - o. Determine k(n).
1
Suppose 28*f - 30*f + 18 = 0. Let w(u) = u**3 - 10*u**2 + 9*u + 8. Give w(f).
8
Let w(a) be the third derivative of a**8/6720 + a**7/2520 - a**4/6 + 13*a**2. Let c(z) be the second derivative of w(z). What is c(-2)?
-4
Let a(v) = -1 - 3*v - 6 + 2*v. Let n = 6910 + -6915. Calculate a(n).
-2
Let l(p) = 5*p + 7. Let u(s) = -3*s - 1 - 5*s + 7*s. Let h(r) = -l(r) - 2*u(r). Give h(-6).
13
Let w be (8/(-5))/4 + 240/(-25). Let n(f) = 2*f + 5. Calculate n(w).
-15
Let b(a) = a**3 - 6*a**2 + 12*a - 16. Let d be b(7). Let f(k) = -58*k - 56*k - 2 + d*k. Give f(3).
7
Let n(o) be the second derivative of -o**4/12 + 7*o**3/6 + 3*o**2/2 + 3*o. Let a(d) = -6*d**3 + 8*d**2 + 8*d. Let x be a(-1). What is n(x)?
9
Let h(x) = x**3 - x**2 - x + 1. Let w be 2 - (-2)/6*-3. Let p be h(w). Let a(d) = -d**3 + d**2 - 6. What is a(p)?
-6
Suppose 4*j + 2*t + 3 = -j, 3*j = -2*t - 1. Let i(o) = -8*o - 1. Give i(j).
7
Let k = -2 - -4. Let c(w) = w**3 - w**2 + 3. Let s(y) = -4*y**3 + y**2 - 8. Let p(i) = 3*c(i) + s(i). What is p(k)?
-15
Let a(u) = u**3 + 8*u**2 - 7*u + 19. Let v be a(-9). Let g(x) = v + 17*x - 6*x - 8*x + x**2. Let t be (3/(-4))/(1/4). What is g(t)?
1
Let x be (-1)/((-4 - -3)/4). Suppose 4*m + n = x, -5 = -2*m - 3*m + n. Let l(w) = w**2 + m + 9 - 4 - 7*w. Determine l(4).
-6
Suppose 47*m = 50*m - 3. Let q be -7 - m - 12/(-3). Let l(p) = -5*p**2 - 5*p - 4. Let c(d) = 9*d**2 + 9*d + 7. Let f(n) = -4*c(n) - 7*l(n). Calculate f(q).
-12
Let q(v) = v**3 - 12*v**2 + 2*v - 18. Let w = -314 + 326. Give q(w).
6
Let a(b) = -b + 14. Suppose -64*h - 445 = 195. Determine a(h).
24
Let y(w) = -16*w**2 + 20 + 12*w + 4 + 18*w + w**3 - 17*w. Determine y(15).
-6
Let o(j) be the first derivative of j**6/90 - j**4/24 - 2*j**3/3 - 12. Let h(y) be the third derivative of o(y). Determine h(1).
3
Let s(o) = -2*o - 4. Suppose -4*c = 25 + 7. Determine s(c).
12
Let p(u) = u**3 + 13*u**2 + 23*u + 9. Let l be p(-11). Let c(v) = 12*v - 2. Determine c(l).
-26
Suppose -4*v = -8*v - 2*i - 6, -4*v - 5*i = 3. Let d(m) = -m**3 - 3*m**2 - 7*m - 4. Give d(v).
6
Let i(y) = 3*y**2 - y. Suppose 0*r + 3*b - 49 = -4*r, -52 = -2*r + 4*b. Let v be r/72 - (-119)/(-9). Let x = -14 - v. Calculate i(x).
4
Let h(q) = 2*q**2 + 5*q - 8. Let t be h(7). Let y = t + -120. Let f(o) = -o + 10. What is f(y)?
5
Let p(b) = -5*b**2 + b**3 - 3*b**3 + b**3 - 2*b - 4. Let m(j) = -12*j + 2. Let t be m(-2). Suppose -6*z = -z - 4*s, 2*s = -4*z - t. Give p(z).
-12
Let p(u) = u**2 + u. Let a(g) = g**2 - 12*g + 27. Let m be a(9). Determine p(m).
0
Let n(a) = -5*a**2 - a**3 + 46 - 4*a - 13 - 14 - 14. Let v be 4/(-4) - (-3)/(-1). What is n(v)?
5
Let z(q) = 4*q**2 - 1. Let r be z(-2). Let s be (9/r)/((-3)/15). Let b(p) = p - 1. Give b(s).
-4
Let w(y) = -2*y - 4. Let p(t) = 8*t - 9. Let s be p(3). Suppose 2*a + s = -3*a. Give w(a).
2
Let z(h) = -2. Let t(p) = p - 6. Let f(y) = t(y) - 6*z(y). What is f(-6)?
0
Let i be (-1 - 5/(-2))*80/(-60). Let o(s) be the third derivative of -s**4/24 - s**3/6 - 42*s**2. What is o(i)?
1
Let s(n) = -n + 0 + 5 + 2*n. Let b(o) = -1. Suppose 0 = -2*k + 12*v - 24, -2*v - 2*v = 4. Let t(c) = k*b(c) - 4*s(c). Determine t(-2).
6
Let l(n) be the second derivative of -2*n**3/3 + n**2/2 - n. Let o = 357 + -359. Determine l(o).
9
Let g(s) be the third derivative of -s**6/120 - s**5/5 + s**4/24 + s**3/6 + 39*s**2. What is g(-12)?
-11
Suppose -4*t - 11 - 21 = -w,